 -3 - u. Calculate the greatest common factor of 24 and j.
3
Suppose -6*a = -8*a + 40. Let d be 1404/10 - (-4)/(-10). What is the greatest common divisor of d and a?
20
Suppose 199 = 37*y - 171. What is the greatest common divisor of y and 30?
10
Let c(l) = -52*l + 13. Let t be c(2). Let j = -85 - t. Calculate the highest common factor of j and 66.
6
Let h(m) = 12*m**2. Let t be 0 + 4 + -8 + 5. Let s be h(t). Calculate the greatest common divisor of 30 and s.
6
Let y(n) = 4*n**3 - 2*n**2 + 3*n + 1. Let d be y(3). Suppose -d*s + 99*s = -6. What is the greatest common factor of 6 and s?
6
Let t be 56 + -29 + (-7 - 0). Calculate the greatest common divisor of 140 and t.
20
Suppose 0 = 20*x - 39*x + 57. Calculate the greatest common factor of 768 and x.
3
Let p = 8 - 5. Suppose 0 = 3*h + p*t, -2*t + 6*t = 3*h - 7. What is the highest common factor of h and 10?
1
Let i(g) = -3*g - 81. Let x be i(-39). Calculate the greatest common factor of x and 126.
18
Suppose -5*l = 3*a - 241, -3*l = -3*a + l + 250. Let r = 91 - a. Calculate the greatest common divisor of r and 99.
9
Let x(b) = -b**2 + 40*b + 256. Let h be x(44). What is the highest common factor of h and 680?
40
Suppose 12 = f + 7. Suppose -56 = y - f*y. Calculate the highest common divisor of y and 2.
2
Suppose -19*n = -8*n - 264. Calculate the highest common divisor of 108 and n.
12
Suppose -3*c - 2*c + 125 = 0. Suppose -a - c = -6*a. Calculate the greatest common factor of a and 20.
5
Let r be -4*(-4 + 49/14). What is the greatest common divisor of r and 38?
2
Let x be -1 + (-1 - 1 - -19). Let p = 5628 - 5484. Calculate the greatest common factor of p and x.
16
Suppose -45*y + 8200 = -40*y. Suppose 4*a - 3*j - y = 0, -5*a + 2*a + 2*j = -1229. Calculate the highest common factor of 37 and a.
37
Let u(h) = -2*h**3 - 2*h**2 + 7*h + 11. Let i be u(-2). Suppose -370 = -i*t + 5*b, -2*b + 3*b + 386 = 5*t. Calculate the highest common divisor of 3 and t.
3
Let f be (-4)/26 - 509/(-26)*2. Calculate the highest common divisor of f and 26.
13
Suppose 5*h + 58 = 178. Suppose 3*p - 35 = 4*t, 2*t + 3 = -4*p + 35. Suppose -p*y = -6*y - 9. Calculate the greatest common factor of h and y.
3
Suppose 3*n = 2*n + 135. Let u be 138/5 + (-69)/115. What is the highest common divisor of n and u?
27
Suppose -n = y - 9 - 33, -4*y - 147 = -3*n. Calculate the greatest common factor of n and 63.
9
Suppose 14*x - 515 - 409 = 0. Calculate the greatest common divisor of x and 297.
33
Let o be (-191646)/(-1197) + 0 + 2/(-19). What is the highest common divisor of o and 20?
20
Let d = 192 - 140. What is the greatest common divisor of d and 26?
26
Let o(b) = 4*b**3 + 2*b**2 - 47*b + 45. Let c be o(1). Calculate the highest common factor of 668 and c.
4
Let i = 189 + -89. Let c = -49 + 74. What is the highest common factor of c and i?
25
Let o = 462 - 227. What is the highest common factor of o and 141?
47
Suppose -48*r + 4899 = -7101. What is the highest common factor of 50 and r?
50
Let t be (-4 - 4/(-4)) + 12. Suppose 5*q - t*q = -84. What is the highest common divisor of q and 63?
21
Let a(y) = -67*y + 34*y + 30*y - 35. Let m be a(-25). What is the greatest common divisor of m and 10?
10
Let p = 35 + -32. Suppose -113 = -p*f + 67. Calculate the greatest common factor of 15 and f.
15
Let h(t) be the third derivative of -47*t**4/6 + t**3/6 + 11*t**2. Let y be h(-1). What is the highest common factor of y and 21?
21
Let z(y) = -30*y**3 + y**2 + 4*y + 3. Let l be z(-2). Suppose v = -g + l, -v + 5 = -0*v. What is the highest common factor of g and 26?
26
Suppose -j - 5*r + 400 = 0, 4*r = 2*j + 8*r - 800. Calculate the highest common divisor of 50 and j.
50
Let t(c) = c**3 - 8*c**2 - 12*c + 3. Let g be t(9). Let f = 28 + g. Calculate the greatest common divisor of f and 32.
4
Let l(o) = -3*o**2 + 5*o + 14. Let r be l(6). Let c = 76 + r. What is the greatest common divisor of 108 and c?
12
Let b(c) = -147*c - 3. Let t be b(-3). Suppose -114 + t = 4*p. Calculate the greatest common factor of 9 and p.
9
Suppose 12*j + t = 9*j + 23, 0 = j + 4*t - 4. Calculate the greatest common factor of 1528 and j.
8
Let t = 556 - 535. Calculate the highest common factor of 903 and t.
21
Let g(v) = v**3 - v**2 + 9*v - 25. Let b be g(3). What is the greatest common factor of b and 80?
20
Suppose -l - 5 = 2. Let t = l + 23. Calculate the greatest common divisor of 80 and t.
16
Let f(b) = 8*b**2 - 22*b - 4. Let k be f(3). Calculate the greatest common factor of k and 98.
2
Let j(x) = 6*x**2 + 93*x - 30. Let l be j(-16). What is the greatest common factor of 387 and l?
9
Suppose -4*q + 3*v + 180 = -0*q, 2*q - 88 = v. What is the greatest common divisor of q and 357?
21
Let h = -451 - -525. Calculate the greatest common factor of h and 4.
2
Let x = 225 - 133. What is the greatest common factor of x and 115?
23
Suppose -2*j + 0*j = -60. Suppose 118 = -3*u - 5*v, 4*v + 51 = 3*u - 4*u. Let z = 43 + u. What is the greatest common factor of z and j?
6
Suppose 0 = 3*a + 2*a - 45. Let f be (-2)/(-3) - (-12)/a. Suppose -2*q + y = -q - 27, f*y = q - 30. Calculate the greatest common factor of 16 and q.
8
Let g(p) = p**3 + 5*p**2 - 3*p - 11. Let q be g(-5). Suppose -q*f = m - 28, -4*m + 3*f + 140 = m. What is the highest common factor of m and 7?
7
Let p(i) = 2*i**2 - 20*i + 21. Let l = 51 + -38. Let b be p(l). Let j(m) = -m**2 + 7*m - 1. Let w be j(5). Calculate the greatest common factor of b and w.
9
Let y be (-126)/(-8) + (-5)/(-20). Suppose -15*c - 11 = -y*c. Calculate the greatest common divisor of c and 99.
11
Let v(l) be the first derivative of l**2/2 - 13*l - 8. Let f be v(15). What is the highest common divisor of 4 and f?
2
Suppose -2*k = -7*k + 115. Suppose -5*j + 26 + 89 = 0. Calculate the highest common divisor of j and k.
23
Let j be 307/2 + (-72)/48. What is the greatest common factor of j and 8?
8
Let f = -382 - -566. Suppose 0 = -4*z - 0*q + 2*q + 100, 0 = -5*z + 4*q + 131. What is the greatest common factor of f and z?
23
Suppose -4*h + 3 = -3*h - 2*v, -3*v - 4 = -2*h. Let x(c) = -7*c**3 + c**2 + 3*c + 2. Let q be x(h). What is the greatest common factor of 1 and q?
1
Suppose -x - 8*c + 323 = -6*c, -5*x - 2*c = -1655. What is the greatest common factor of x and 63?
9
Let c(z) = 64*z**2 - 3*z + 2. Let n be c(1). Let d(a) = a**2 + 2*a - 1. Let s be d(-4). Calculate the greatest common divisor of n and s.
7
Suppose 121 = 6*w - 29. Let x be (160/w)/((-2)/(-5)). What is the greatest common divisor of 144 and x?
16
Suppose -c = -3 - 0. Suppose 47*s - 1506 = 468. Calculate the highest common divisor of c and s.
3
Suppose -45*z + 14631 = -2784. Calculate the highest common factor of z and 27.
9
Let y(i) = -i**3 + 4*i**2 + 7*i + 2. Let j be y(5). Let p = -476 - -500. Calculate the greatest common divisor of p and j.
12
Let q = -76 - -29. Let n = 13 - q. What is the highest common divisor of n and 12?
12
Let p = 803 - 558. Calculate the highest common divisor of p and 35.
35
Let n(j) = -3*j**2 - j - 8. Let q be n(-4). Let d be (-8)/q + 178/26. Calculate the highest common factor of 63 and d.
7
Let p be (-2 + 14 + 1)*10. Suppose 7 + 137 = 2*g + j, 72 = g - 3*j. Let c = -20 + g. Calculate the highest common factor of p and c.
26
Let n(p) = -p**2 + 5*p - 2. Suppose -8 = 2*o, 4*d - 36 = -0*d + 5*o. Let u be n(d). Calculate the highest common factor of 8 and u.
2
Suppose 3*s = 3*w - 219, -4 = -3*w - 3*s + 209. Let p(b) = -2*b - 3. Let t be p(-3). Suppose t*f - 101 = -29. What is the greatest common factor of f and w?
24
Suppose -5*w + 42 = -4*w. Suppose -24*x + 27*x - 42 = 0. Calculate the highest common factor of x and w.
14
Suppose -2*q + q - 20 = 0. Let n = q - -96. Suppose -4*f + 0*m - 5*m = -91, -2*m = -2*f + 32. Calculate the greatest common factor of f and n.
19
Let d(v) = v**3 - 10*v**2 + 4*v - 7. Let s be d(6). Let b = s - -89. Let j = b + 68. What is the greatest common divisor of j and 45?
15
Let s = -588 - -772. Calculate the greatest common factor of 23 and s.
23
Suppose -2*v - 4*x = -36, -6*v = -2*v + 2*x - 42. Let l be (10 + 2)/(12/v). Let a be 2/(-7)*(1 - l). Calculate the highest common divisor of 3 and a.
1
Let t = -111 - -240. Calculate the highest common divisor of 43 and t.
43
Let y(l) = l**3 - l**2 - l + 80. Let u be y(0). What is 